ors of g?
2, 3, 367
Let w be -8*(-5)/(20/(-22)). What are the prime factors of (150/(-4))/(22/w)?
3, 5
Let y = -18 - -22. Suppose -3*o - 5*g = -40, -y*o - g + 63 = -4*g. Suppose -5*d = -2*d - o. List the prime factors of d.
5
Suppose -4*i - 6*s + 2692 = 0, -6*s = -2*s - 8. List the prime factors of i.
2, 5, 67
Suppose 12418 = 7*f - 4*f + 4*q, -f - 2*q + 4136 = 0. List the prime factors of f.
2, 3, 691
Suppose 9*n - 4957 - 12296 = 0. List the prime factors of n.
3, 71
Let z = -1368 - -1984. Suppose -7*x = 4*v - 3*x - z, 5*v = x + 752. Suppose -v = -4*q + 81. What are the prime factors of q?
2, 29
Suppose 3*y - 48 = -5*b - 13, -5*b + 60 = -2*y. Let q be (-273)/(-105) - 6/b. Suppose 4*u - 2 = -q*a, -4*a + 30 - 2 = 2*u. List the prime factors of a.
3
Let q(b) = b**3 + 7*b**2 + 11*b - 7. Let t be q(-4). List the prime factors of 30 - (-1 + 6 + t - 4).
2
Let z(i) = 32*i - 108. List the prime factors of z(24).
2, 3, 5, 11
Suppose 21 = -5*k + 101. Let c = k - 14. What are the prime factors of c?
2
Let t = 14 + -11. Suppose -b - 3*j + 6 = 0, 0 = t*b + j - 2*j + 12. List the prime factors of (-46)/b - 20/(-30).
2
Let a = 48 - -24. Let l be 10/(-50) - a/(-10). List the prime factors of l/(-5)*(-19 - -14).
7
Let m = 75 + -153. Let o be (m/(-4) + 3)*2. Suppose -3*f + n = -o, 4*f - 2*n + 5*n - 47 = 0. List the prime factors of f.
2, 7
Let g be 0 - (-123)/(5 + -2). Suppose 4*f = g - 9. Suppose -3*q - 50 = -f*q. What are the prime factors of q?
2, 5
Suppose 23 + 7 = -5*y. Let v be (-514)/y + (-12)/18. Suppose -m + 10 = -3*x, m + 3*x - v = -3*m. What are the prime factors of m?
19
Suppose 32 = 4*j - 4*k, -j - 5*k = -k - 8. Let f be 30/4 + (-9)/(-18). Suppose 9*i - j = f*i. What are the prime factors of i?
2
Let z = 52 - 107. Let r = z + 193. List the prime factors of r.
2, 3, 23
Let v(k) = -198*k**3 - k - 2. What are the prime factors of v(-1)?
197
Let n = 13 + -41. What are the prime factors of (8 + -14)*n/3?
2, 7
Let v(x) = 2*x - 2. Let g be (0 + 1)/(3/6). Suppose -4*d + 3*n + n + 36 = 0, -g*n = -5*d + 36. What are the prime factors of v(d)?
2, 5
List the prime factors of (277*6/15)/((-28)/(-140)).
2, 277
Suppose 0 = g + 5*v - 834, -2*g - 3*v + 9 + 1631 = 0. What are the prime factors of g?
2, 11, 37
Suppose 0 = 2*q - 2*z - 2682, 2555 + 4162 = 5*q - 2*z. What are the prime factors of q?
5, 269
Let j(u) be the second derivative of 0 + 1/3*u**3 + 9*u + 1/12*u**4 - 19/2*u**2. What are the prime factors of j(-6)?
5
Suppose -q + 5*k + 28 = 0, k - 1 = q - 3*q. Suppose -2*f = -q*s - 7*f + 189, 2*s + 3*f = 125. What are the prime factors of s?
2, 29
Let c(o) = 72*o**2 - 3*o - 7. What are the prime factors of c(-3)?
2, 5, 13
Let y = -79 - -147. Let f = y - 22. List the prime factors of f.
2, 23
What are the prime factors of (1 + -4 - -7) + 749?
3, 251
Suppose 11*d = -7*d + 19368. What are the prime factors of d?
2, 269
Suppose 4*x - 14 = 3*n, x - 17 = -5*n - 2. Suppose 11*q - 81 = n*q. What are the prime factors of q?
3
Let c(a) = -2*a**3 + 4*a**2 - 2*a - 11. What are the prime factors of c(-3)?
5, 17
Let w(d) = d**2 - 4*d - 18. Let o be w(8). What are the prime factors of (-335)/(-9) + o/(-63)?
37
Suppose -2*q - 1 = -p - 0*q, 5*q = -5. Let r be p/(((-24)/100)/6). Let g = 29 + r. What are the prime factors of g?
2, 3
Let t(m) = 5*m + 8. Let w be t(4). Let g(p) = p - 10. Let c be g(9). What are the prime factors of w + (c - -3)/2?
29
Suppose -4*u - 53 = a, -4*a + 40 = -15*u + 10*u. Let i be 0 + 2/(-1)*15. What are the prime factors of ((-26)/u)/((-5)/i)?
13
Suppose -11*j + 17023 = -5835. List the prime factors of j.
2, 1039
Let o(c) = -23*c - 3. Let b(v) = v**3 - 9*v**2 + 10*v - 11. Let d be b(8). Suppose -n + 12 = -d*n. What are the prime factors of o(n)?
2, 3, 11
Suppose 0*s - 4 = s, w - 3*s + 3 = 0. Let u = 15 + w. Suppose 0 = -p - u*p + 4. What are the prime factors of p?
2
Let i(l) = 10*l + 2. Suppose 5*z + 16 = 41. Let v be i(z). Suppose -k + 3*k = v. List the prime factors of k.
2, 13
List the prime factors of (-4 + (-406)/(-21))*21.
2, 7, 23
Suppose 5*r = l + 3*r - 119, -4*l + 4*r = -496. Let a = 509 - l. List the prime factors of 9/(-2)*a/(-30).
3, 19
Let l be 3*-1 + 4 + 5. Suppose -w + r = -4 + 1, -4*r = 2*w + l. What are the prime factors of 46 + 0*w/(-3)?
2, 23
Suppose 4*b + 7 = 5*v + 84, 5*b + 2*v - 121 = 0. Let d = b - 31. List the prime factors of d + 21 + 2/2.
2, 7
List the prime factors of 2/(-1) + 5 + -8 + 581.
2, 3
Let p(i) = i**3 + 6*i**2 + i - 2. Let f be p(-5). Suppose 2*u + 3*s = 428, 0 = 4*s + 2 - f. What are the prime factors of u?
2, 13
Suppose 4*i + 4*s - 5532 = 0, 0 = -4*i - s + 7885 - 2353. What are the prime factors of i?
3, 461
Let s(i) = 21*i**2 + 24*i - 128. List the prime factors of s(7).
1069
Let x(k) = 2*k - 1. Let j be x(2). Let v be (-16)/12*9/(-2). What are the prime factors of (208/v)/4*j?
2, 13
Let p be 18 + 2 + (3 - 3). Let h = 20 - p. Suppose h = 2*c + 3*f - 43, 5*c + 2*f + f - 121 = 0. What are the prime factors of c?
2, 13
List the prime factors of (-4 + 35/20)*-44.
3, 11
Let v(l) = l**3 - 9*l**2 + 6*l - 8. Let t(q) = -q - 1. Let w(z) = 2*t(z) - v(z). What are the prime factors of w(8)?
2, 3
Let x be 1/1*-1 + -8. Let h be (-2)/3 - (-364)/(-21). Let s = x - h. What are the prime factors of s?
3
Let f(r) = -r**3 - r**2 + 4*r + 3. Let b(j) = j. Let x be b(-4). What are the prime factors of f(x)?
5, 7
Suppose 3*j - 7*j + 78 = 2*v, 0 = -5*j - 10. Suppose 4*i - v = -3*b, -5*b + i + 64 = -0*i. List the prime factors of b.
13
Let r = -212 + 381. List the prime factors of r.
13
Let h(j) = -j**2 + 51*j - 125. List the prime factors of h(38).
3, 41
Suppose g = 5, 0*a + 3*g = 2*a - 1303. What are the prime factors of a?
659
Suppose -3*o - 2 = 7. Let f = -1 + o. Let j = f + 38. List the prime factors of j.
2, 17
Let x(d) = -6*d**3. Let y be x(-1). Suppose 5*c - 1 = g - y, -5*g + 25 = 0. Suppose c = -s + 1, -2*w + 2*s + 38 = 2*w. List the prime factors of w.
2, 5
Let w(s) = 2*s + 5 + 2*s + 0. Suppose -5*i = 3*v - 26, 8*v + 10 = 3*i + 7*v. What are the prime factors of w(i)?
3, 7
Suppose 0 = -4*w + 3*p + 513, 2*p = -2*w - 18 + 264. List the prime factors of w.
2, 3, 7
Suppose -2*u - 5*v + 2235 = 3*u, -5*u + 2235 = 2*v. What are the prime factors of u?
3, 149
Suppose -1168 = -g + 4*r, -9*r - 12 = -5*r. What are the prime factors of g?
2, 17
Let g(y) = 94*y**3 + 2*y**2 - 3*y + 2. Suppose 5*q = 2*x + 13, 0 = -4*q + 3*q + x + 5. What are the prime factors of g(q)?
5, 19
Suppose -404 = 4*s - 6*s. List the prime factors of s.
2, 101
Let o = 1079 + -847. List the prime factors of o.
2, 29
Let p be (4 + -3)*(-8)/(-1). Suppose 16 = f - 3*c, -f = -2*c + c - p. Suppose f*h - 19 = 141. What are the prime factors of h?
2, 5
Let z be 3/2*(-64)/12. Let p(c) = -c**2 - 10*c - 8. Let x be p(z). Let v(y) = y**2 - 7*y - 3. List the prime factors of v(x).
5
Suppose -4*k = -6*k + 3*x + 265, 0 = 4*k - 4*x - 524. List the prime factors of k.
2
Let d(z) = -3*z**3 - 15*z**2 - 43*z - 16. What are the prime factors of d(-12)?
2, 881
Suppose -4*j + 1680 = -5*r - 1559, -4*r = -3*j + 2430. List the prime factors of j.
2, 13, 31
Suppose -2*i - 2*i = 0. Suppose i = -5*d + 27 + 133. What are the prime factors of d?
2
Let p = -34 + 26. Let l = p + 15. List the prime factors of l.
7
Let j(z) = 80*z + 16. Let g be j(4). Let i = g - 190. List the prime factors of i.
2, 73
Suppose 85 = 2*d - 137. Suppose -112*n + 133 = -d*n. List the prime factors of n.
7, 19
Let v = -481 + 824. What are the prime factors of v?
7
Let c(g) = -3*g - 17. Let m = -2 + -5. Let f be c(m). Suppose -z = 4*b + 3*z - 4, -b - 2*z = f. List the prime factors of b.
2, 3
Suppose 0 = k - 5*y - 538, 4*y + 1592 = -8*k + 11*k. List the prime factors of k.
2, 3, 11
Let i = 7 + -7. Suppose i = -9*o + 12*o - 258. Let c = o - 54. What are the prime factors of c?
2
What are the prime factors of ((-52612)/(-56))/((-1)/(-2))?
1879
Let q = 12834 - 9116. What are the prime factors of q?
2, 11, 13
Let v = 8 + -4. Let y be (6/v)/((-1)/(-2)). Suppose -20 = -4*r + y*r. What are the prime factors of r?
2, 5
What are the prime factors of (7/(-14))/(3/(-2910))?
5, 97
Let o = 247 - 136. Let h = o + 112. What are the prime factors of h?
223
Let v(n) be the first derivative of 3*n**3 + 5*n + 3. Let k be v(3). Suppose -2*x + 